3, 11, 1304687
List the prime factors of 508855386.
2, 3, 13, 6523787
What are the prime factors of 325305271?
325305271
List the prime factors of 53112707.
191, 487, 571
What are the prime factors of 147938034?
2, 3, 24656339
What are the prime factors of 94698249?
3, 31566083
List the prime factors of 225352.
2, 17, 1657
What are the prime factors of 17224970?
2, 5, 7, 35153
What are the prime factors of 285256757?
107, 1103, 2417
What are the prime factors of 18925961?
59, 97, 3307
What are the prime factors of 53379285?
3, 5, 29, 277, 443
List the prime factors of 490405292.
2, 13, 269, 35059
What are the prime factors of 1701477021?
3, 23609, 24023
What are the prime factors of 105892008?
2, 3, 617, 7151
What are the prime factors of 526730267?
7, 1061, 70921
List the prime factors of 380553999.
3, 7, 43, 421433
What are the prime factors of 11830788?
2, 3, 328633
List the prime factors of 158163468.
2, 3, 13180289
List the prime factors of 765919459.
765919459
List the prime factors of 55672817.
2591, 21487
What are the prime factors of 37734419?
131, 288049
What are the prime factors of 48085357?
421, 114217
List the prime factors of 2019063.
3, 293, 2297
List the prime factors of 2916578409.
3, 9161, 106123
List the prime factors of 280601113.
13, 21584701
What are the prime factors of 31606226?
2, 73, 216481
List the prime factors of 734909324.
2, 183727331
What are the prime factors of 20590120?
2, 5, 43, 11971
List the prime factors of 313560567.
3, 31, 1123873
What are the prime factors of 28277162?
2, 14138581
List the prime factors of 3184106.
2, 107, 14879
What are the prime factors of 216413232?
2, 3, 7, 31, 79, 263
What are the prime factors of 104262554?
2, 11, 53, 739
What are the prime factors of 37091455?
5, 83, 139, 643
List the prime factors of 525657332.
2, 967, 135899
What are the prime factors of 363094723?
31, 11712733
What are the prime factors of 684830617?
1201, 570217
What are the prime factors of 205303229?
73, 311, 9043
What are the prime factors of 705070532?
2, 59, 199, 15013
What are the prime factors of 64641987?
3, 79, 90917
What are the prime factors of 530308433?
149, 3559117
List the prime factors of 676319079.
3, 19, 79, 150193
List the prime factors of 316502545.
5, 63300509
What are the prime factors of 1442091756?
2, 3, 7, 2452537
List the prime factors of 27513548.
2, 17, 311, 1301
List the prime factors of 69614988.
2, 3, 2239, 2591
What are the prime factors of 216131313?
3, 71, 199, 5099
List the prime factors of 44985931.
29, 149, 359
What are the prime factors of 593243939?
593243939
What are the prime factors of 2667512941?
2667512941
What are the prime factors of 2244008382?
2, 3, 7, 11, 4857161
What are the prime factors of 3382194483?
3, 3167, 118661
List the prime factors of 58425130.
2, 5, 1453, 4021
What are the prime factors of 1860078?
2, 3, 11, 28183
List the prime factors of 894196667.
7, 13, 47, 209071
What are the prime factors of 243511348?
2, 60877837
What are the prime factors of 1074813518?
2, 37, 101, 143807
List the prime factors of 12644235.
3, 5, 229, 409
What are the prime factors of 827409267?
3, 91934363
What are the prime factors of 63124833?
3, 157, 223, 601
List the prime factors of 42999889.
163, 263803
List the prime factors of 86780907.
3, 9642323
List the prime factors of 328482798.
2, 3, 7, 7821019
What are the prime factors of 3469467369?
3, 1156489123
List the prime factors of 328448385.
3, 5, 283, 8597
What are the prime factors of 661279275?
3, 5, 211, 4643
List the prime factors of 764226077.
1931, 395767
What are the prime factors of 372724053?
3, 13, 47, 203341
What are the prime factors of 24476156?
2, 2039, 3001
List the prime factors of 3046000792.
2, 89, 4278091
List the prime factors of 957814279.
957814279
What are the prime factors of 109095634?
2, 31, 1759607
List the prime factors of 60865356.
2, 3, 73, 69481
List the prime factors of 658383290.
2, 5, 65838329
What are the prime factors of 4998972873?
3, 5021, 331871
List the prime factors of 160959570.
2, 3, 5, 17, 29, 10883
List the prime factors of 4503584969.
13, 1753, 197621
What are the prime factors of 22899758?
2, 7, 181, 1291
What are the prime factors of 3375723976?
2, 139, 3035723
What are the prime factors of 2922547085?
5, 71, 8232527
What are the prime factors of 48853678?
2, 24426839
What are the prime factors of 43534595?
5, 13, 669763
What are the prime factors of 95423693?
95423693
What are the prime factors of 116164426?
2, 7, 8297459
List the prime factors of 47189249.
139, 339491
List the prime factors of 1209835580.
2, 5, 60491779
List the prime factors of 337163477.
7, 47, 131, 7823
List the prime factors of 29033240.
2, 5, 109, 6659
List the prime factors of 376680527.
607, 620561
List the prime factors of 2806936742.
2, 17, 82556963
List the prime factors of 144228673.
144228673
List the prime factors of 293095796.
2, 7, 37, 282911
What are the prime factors of 1156776465?
3, 5, 13, 107, 55441
List the prime factors of 6722057.
6722057
List the prime factors of 55670219.
11, 1523, 3323
What are the prime factors of 1464725469?
3, 43, 379, 29959
What are the prime factors of 216661319?
7, 30951617
List the prime factors of 6233115124.
2, 1558278781
What are the prime factors of 50293800?
2, 3, 5, 27941
List the prime factors of 3597741501.
3, 17, 43, 1640557
List the prime factors of 301923502.
2, 17, 30727
List the prime factors of 1457062139.
13, 19, 1091, 5407
List the prime factors of 94909707.
3, 23, 458501
What are the prime factors of 2324298687?
3, 31, 59, 423601
What are the prime factors of 4200290570?
2, 5, 7, 60004151
What are the prime factors of 162388843?
673, 241291
What are the prime factors of 1295172340?
2, 5, 7, 11, 841021
What are the prime factors of 2223660146?
2, 17, 47, 571, 2437
What are the prime factors of 277839435?
3, 5, 18522629
List the prime factors of 3519163313.
601, 5855513
List the prime factors of 130178148.
2, 3, 61, 177839
What are the prime factors of 12190052?
2, 7, 435359
List the prime factors of 55843657.
17, 3284921
List the prime factors of 3864308.
2, 7, 29, 4759
List the prime factors of 1502979940.
2, 5, 7, 11, 139423
List the prime factors of 2339628265.
5, 13, 35994281
What are the prime factors of 2100611830?
2, 5, 210061183
List the prime factors of 696860390.
2, 5, 69686039
List the prime factors of 84296360.
2, 5, 37, 56957
What are the prime factors of 664075879?
17, 39063287
List the prime factors of 128696039.
113, 661, 1723
What are the prime factors of 67196292?
2, 3, 37, 151343
What are the prime factors of 82287792?
2, 3, 67, 2843
What are the prime factors of 7297265757?
3, 2069, 1175651
List the prime factors of 131590053.
3, 7, 2088731
List the prime factors of 77440243.
229, 338167
What are the prime factors of 9226949997?
3, 23, 59, 2266507
What are the prime factors of 333740900?
2, 5, 3337409
What are the prime factors of 3923988?
2, 3, 326999
What are the prime factors of 304602784?
2, 439, 21683
What are the prime factors of 190588609?
29, 271, 24251
List the prime factors of 323369818.
2, 17, 431, 22067
What are the prime factors of 390025478?
2, 195012739
List the prime factors of 1460306976.
2, 3, 15211531
List the prime factors of 98282440.
2, 5, 17, 19, 7607
What are the prime factors of 205519000?
2, 5, 205519
List the prime factors of 779595333.
3, 11, 17, 151, 9203
List the prime factors of 170204778.
2, 3, 9455821
List the prime factors of 449671987.
449671987
List the prime factors of 1020549967.
17, 60032351
What are the prime factors of 229024073?
41, 61, 91573
List the prime factors of 1021459921.
3779, 270299
What are the prime factors of 97914439?
7, 13987777
What are the prime factors of 343958147?
13, 4751, 5569
What are the prime factors of 198123188?
2, 43, 1151879
List the prime factors of 582964310.
2, 5, 58296431
What are the prime factors of 2365650738?
2, 3, 11, 757, 5261
List the prime factors of 38955400.
2, 5, 11, 17707
What are the prime factors of 6869129594?
2, 3434564797
What are the prime factors of 4111658707?
13, 37, 231031
List the prime factors of 126148299.
3, 42049433
What are the prime factors of 275962022?
2, 7, 402277
What are the prime factors of 733857853